{"id":3217,"date":"2023-05-27T10:29:53","date_gmt":"2023-05-27T16:29:53","guid":{"rendered":"https:\/\/urucum-artes.org\/editorial\/?post_type=product&#038;p=3217"},"modified":"2024-04-19T07:48:29","modified_gmt":"2024-04-19T13:48:29","slug":"memorias-del-olvido","status":"publish","type":"product","link":"https:\/\/urucum-artes.org\/editorial\/product\/memorias-del-olvido\/","title":{"rendered":"Memorias del olvido"},"content":{"rendered":"<p>Belinda no sabe qui\u00e9n es. Migrante brasile\u00f1a, perdi\u00f3 la memoria en su traves\u00eda por M\u00e9xico rumbo a Estados Unidos y sobrevive en las calles de Los \u00c1ngeles y despu\u00e9s San Francisco. Jairo, migrante mexicano de Chiapas, la cuida y la ama, pero guarda un secreto terrible. En las calles de Skid Row conocen a Tyler, una joven chicana, rabiosa y apasionada, con una obsesi\u00f3n: reencontrar a la madre que nunca conoci\u00f3. <\/p>\n<p>Herminia es una mujer cuarentona que huye de Veracruz tras la muerte de su marido y sus hijos a manos del narco. En el tren llamado La Bestia, viaja rumbo al norte en busca de lo \u00fanico que le queda: la hija que le arrebataron cuando la deportaron de San Francisco hace diecis\u00e9is a\u00f1os, y a quien nunca volvi\u00f3 a ver. Ella tambi\u00e9n tiene un secreto, y su llegada alterar\u00e1 la vida de Jairo, Tyler y Belinda. <\/p>\n","protected":false},"excerpt":{"rendered":"<p>Inspirada en hechos reales, <i>Memorias del olvido<\/i> es una novela sobre la migraci\u00f3n, el desarraigo, la p\u00e9rdida de los seres queridos, la violencia, la memoria y el olvido. Narrada en un lenguaje que mezcla el espanglish, diferentes registros del espa\u00f1ol migrante y las tonalidades del portugu\u00e9s brasile\u00f1o, la novela teje un complejo paisaje del dolor, la resistencia, la violencia, el amor y la esperanza, en la vor\u00e1gine de la migraci\u00f3n.<\/p>\n<table>\n<tbody>\n<tr>\n<th style=\"vertical-align: center;\">Versi\u00f3n en papel.<\/th>\n<th style=\"vertical-align: center;\"><\/th>\n<\/tr>\n<tr>\n<th style=\"vertical-align: center;\">Tambi\u00e9n disponible como libro electr\u00f3nico:&nbsp;&nbsp;<\/th>\n<th style=\"vertical-align: center;\"><a href=\"https:\/\/urucum-artes.org\/editorial\/product\/trecientas-hormigas-ebook\/\"><img decoding=\"async\" class=\"aligncenter wp-image-3128\" src=\"https:\/\/urucum-artes.org\/editorial\/wp-content\/uploads\/2022\/04\/ebook-sm.jpg\" alt=\"\" width=\"100\" \/><\/a><\/th>\n<\/tr>\n<\/tbody>\n<\/table>\n","protected":false},"featured_media":3219,"comment_status":"open","ping_status":"closed","template":"","meta":{"nf_dc_page":"","om_disable_all_campaigns":false,"_monsterinsights_skip_tracking":false,"_monsterinsights_sitenote_active":false,"_monsterinsights_sitenote_note":"","_monsterinsights_sitenote_category":0},"product_brand":[],"product_cat":[80,56,61],"product_tag":[88,65],"class_list":{"0":"post-3217","1":"product","2":"type-product","3":"status-publish","4":"has-post-thumbnail","6":"book_author-alejandro-reyes","7":"product_cat-espanol","8":"product_cat-novela","9":"product_cat-papel","10":"product_tag-migracion","11":"product_tag-novela","13":"first","14":"instock","15":"sale","16":"shipping-taxable","17":"purchasable","18":"product-type-simple"},"jetpack_sharing_enabled":true,"jetpack_likes_enabled":true,"_links":{"self":[{"href":"https:\/\/urucum-artes.org\/editorial\/wp-json\/wp\/v2\/product\/3217","targetHints":{"allow":["GET"]}}],"collection":[{"href":"https:\/\/urucum-artes.org\/editorial\/wp-json\/wp\/v2\/product"}],"about":[{"href":"https:\/\/urucum-artes.org\/editorial\/wp-json\/wp\/v2\/types\/product"}],"replies":[{"embeddable":true,"href":"https:\/\/urucum-artes.org\/editorial\/wp-json\/wp\/v2\/comments?post=3217"}],"wp:featuredmedia":[{"embeddable":true,"href":"https:\/\/urucum-artes.org\/editorial\/wp-json\/wp\/v2\/media\/3219"}],"wp:attachment":[{"href":"https:\/\/urucum-artes.org\/editorial\/wp-json\/wp\/v2\/media?parent=3217"}],"wp:term":[{"taxonomy":"product_brand","embeddable":true,"href":"https:\/\/urucum-artes.org\/editorial\/wp-json\/wp\/v2\/product_brand?post=3217"},{"taxonomy":"product_cat","embeddable":true,"href":"https:\/\/urucum-artes.org\/editorial\/wp-json\/wp\/v2\/product_cat?post=3217"},{"taxonomy":"product_tag","embeddable":true,"href":"https:\/\/urucum-artes.org\/editorial\/wp-json\/wp\/v2\/product_tag?post=3217"}],"curies":[{"name":"wp","href":"https:\/\/api.w.org\/{rel}","templated":true}]}}