{"id":3244,"date":"2023-12-14T11:07:00","date_gmt":"2023-12-14T17:07:00","guid":{"rendered":"https:\/\/urucum-artes.org\/editorial\/?post_type=product&#038;p=3244"},"modified":"2023-12-15T10:50:24","modified_gmt":"2023-12-15T16:50:24","slug":"mujbal-ebook","status":"publish","type":"product","link":"https:\/\/urucum-artes.org\/editorial\/product\/mujbal-ebook\/","title":{"rendered":"Mujbal (eBook)"},"content":{"rendered":"<p>No puedo dejar de pensar en lo que sucede en territorio mam, en la frontera de Chiapas con Guatemala, mientras leo y releo esta magn\u00edfica obra de Osbaldo. Enfrentamientos entre c\u00e1rteles, secuestros, extorsiones, desapariciones, reclutamiento forzado, bloqueos, cobro de piso, asesinatos, miles y miles de desplazados, ante la indiferencia y complicidad del Estado. Este libro no habla de eso, pero lo hace sin hacerlo. Por tantas v\u00edas, nos acerca a la vida y a la atribulada historia mam, en ese territorio tan golpeado desde hace tanto tiempo. Son cuentos que nos sacuden desde las entra\u00f1as, desde las v\u00edsceras, desde el fondo del coraz\u00f3n.<\/p>\n<p style=\"text-align: right;\">\u2013 Alejandro Reyes<\/p>\n","protected":false},"excerpt":{"rendered":"<p><strong>Cuentos biling\u00fces espa\u00f1ol-mam.<\/strong> En esta extraordinaria colecci\u00f3n de cuentos, Osbaldo nos adentra al universo de la cultura mam, en la frontera entre Chiapas y Guatemala. Escritos con un lenguaje po\u00e9tico meticulosamente trabajado, los cuentos de Osbaldo hieren, inspiran, nos transportan con potencia al mundo de los pueblos mayas mam, en ese territorio tan sufrido durante tanto tiempo.<\/p>\n<table>\n<tbody>\n<tr>\n<th style=\"vertical-align: center;\">Versi\u00f3n digital.<\/th>\n<th style=\"vertical-align: center;\"><\/th>\n<\/tr>\n<tr>\n<th style=\"vertical-align: center;\">Tambi\u00e9n disponible en papel:&nbsp;&nbsp;<\/th>\n<th style=\"vertical-align: center;\"><a href=\"https:\/\/urucum-artes.org\/editorial\/product\/mujbal\/\"><img decoding=\"async\" class=\"aligncenter wp-image-3128\" src=\"https:\/\/urucum-artes.org\/editorial\/wp-content\/uploads\/2022\/03\/papel-sm.jpg\" alt=\"\" width=\"100\" \/><\/a><\/th>\n<\/tr>\n<\/tbody>\n<\/table>\n","protected":false},"featured_media":3240,"comment_status":"open","ping_status":"closed","template":"","meta":{"nf_dc_page":"","om_disable_all_campaigns":false,"_monsterinsights_skip_tracking":false,"_monsterinsights_sitenote_active":false,"_monsterinsights_sitenote_note":"","_monsterinsights_sitenote_category":0},"product_brand":[],"product_cat":[63,60,80,89],"product_tag":[55,91,95],"class_list":{"0":"post-3244","1":"product","2":"type-product","3":"status-publish","4":"has-post-thumbnail","6":"book_author-jose-osbaldo-garcia-munoz","7":"product_cat-cuentos","8":"product_cat-ebook","9":"product_cat-espanol","10":"product_cat-mam","11":"product_tag-chiapas","12":"product_tag-cuentos","13":"product_tag-literatura-indigena","15":"first","16":"instock","17":"downloadable","18":"virtual","19":"purchasable","20":"product-type-simple"},"jetpack_sharing_enabled":true,"jetpack_likes_enabled":true,"_links":{"self":[{"href":"https:\/\/urucum-artes.org\/editorial\/wp-json\/wp\/v2\/product\/3244","targetHints":{"allow":["GET"]}}],"collection":[{"href":"https:\/\/urucum-artes.org\/editorial\/wp-json\/wp\/v2\/product"}],"about":[{"href":"https:\/\/urucum-artes.org\/editorial\/wp-json\/wp\/v2\/types\/product"}],"replies":[{"embeddable":true,"href":"https:\/\/urucum-artes.org\/editorial\/wp-json\/wp\/v2\/comments?post=3244"}],"wp:featuredmedia":[{"embeddable":true,"href":"https:\/\/urucum-artes.org\/editorial\/wp-json\/wp\/v2\/media\/3240"}],"wp:attachment":[{"href":"https:\/\/urucum-artes.org\/editorial\/wp-json\/wp\/v2\/media?parent=3244"}],"wp:term":[{"taxonomy":"product_brand","embeddable":true,"href":"https:\/\/urucum-artes.org\/editorial\/wp-json\/wp\/v2\/product_brand?post=3244"},{"taxonomy":"product_cat","embeddable":true,"href":"https:\/\/urucum-artes.org\/editorial\/wp-json\/wp\/v2\/product_cat?post=3244"},{"taxonomy":"product_tag","embeddable":true,"href":"https:\/\/urucum-artes.org\/editorial\/wp-json\/wp\/v2\/product_tag?post=3244"}],"curies":[{"name":"wp","href":"https:\/\/api.w.org\/{rel}","templated":true}]}}